{"id":6001,"date":"2023-01-11T23:22:26","date_gmt":"2023-01-11T21:22:26","guid":{"rendered":"https:\/\/trip.ayy.fi\/wordpress\/?page_id=6001"},"modified":"2023-11-15T19:21:07","modified_gmt":"2023-11-15T17:21:07","slug":"varustelista","status":"publish","type":"page","link":"https:\/\/teekkaripurjehtijat.fi\/wordpress\/?page_id=6001","title":{"rendered":"Varustelistat"},"content":{"rendered":"<h2><strong>Teorialuennot<\/strong><\/h2>\n<h6>\u00a0<\/h6>\n<ul>\n<li>muistiinpanov\u00e4lineet<\/li>\n<li>kurssikirja\n<ul>\n<li>Purjehtijakurssi: <em>Purjehtimaan \u2013 opas purjehtijakurssille (PORY)<\/em><\/li>\n<li>Saaristop\u00e4\u00e4llikk\u00f6kurssi:\u00a0<em>Purjeveneen p\u00e4\u00e4llik\u00f6ksi \u2013 opas saaristo- ja rannikkop\u00e4\u00e4llikk\u00f6kursseille (PORY)<\/em><em><br class=\"\" \/><\/em><\/li>\n<\/ul>\n<\/li>\n<li>halutessasi <em>Suoritus- ja lokikirja (PORY)<\/em><\/li>\n<\/ul>\n<h6>\u00a0<\/h6>\n\n\n<hr class=\"wp-block-separator has-css-opacity is-style-wide\"\/>\n\n\n<h2><strong>Purjehdukset<\/strong><\/h2>\n<h6>\u00a0<\/h6>\n<p>K\u00e4yt\u00e4nn\u00f6n osuuden purjehduksille tarvitsee toteutustavasta ja s\u00e4\u00e4st\u00e4 riippuen erilaisia varusteita. Alta l\u00f6yd\u00e4t varustelistat ilta- ja p\u00e4iv\u00e4purjehdukselle sek\u00e4 retkipurjehdukselle.\u00a0<\/p>\n<h6>\u00a0<\/h6>\n\n\n<div class=\"wp-block-columns is-layout-flex wp-container-3 wp-block-columns-is-layout-flex\">\n<div class=\"wp-block-column is-layout-flow wp-block-column-is-layout-flow\">\n<h3 style=\"text-align: center;\"><strong>Ilta- tai p\u00e4iv\u00e4purjehdukselle<\/strong><\/h3>\n\n\n\n<h6 style=\"text-align: center;\">(ei sis\u00e4ll\u00e4 y\u00f6pymist\u00e4)<\/h6>\n<h6>\u00a0<\/h6>\n\n\n\n<ul>\n<li>veden- ja tuulenpit\u00e4v\u00e4 p\u00e4\u00e4llikerros<\/li>\n<li>useita kerroksia l\u00e4mmint\u00e4 vaatetta<\/li>\n<li>p\u00e4\u00e4hine, kuten pipo<\/li>\n<li>yhdet l\u00e4mpim\u00e4t k\u00e4sineet<\/li>\n<li>yhdet k\u00e4sineet, joilla voit k\u00e4sitell\u00e4 k\u00f6ysi\u00e4<\/li>\n<li>aurinkolasit<\/li>\n<li>aurinkorasva<\/li>\n<li>juomapullo<\/li>\n<li>varavaatteita<\/li>\n<li>mukavat ja mieluusti vett\u00e4pit\u00e4v\u00e4t keng\u00e4t<\/li>\n<li>sadep\u00e4iv\u00e4n\u00e4 varakeng\u00e4t<\/li>\n<li>mahdollinen matkapahoinvointil\u00e4\u00e4ke<\/li>\n<li>ev\u00e4st\u00e4<\/li>\n<\/ul>\n<\/div>\n\n\n\n<div class=\"wp-block-column is-layout-flow wp-block-column-is-layout-flow\">\n<h3 style=\"text-align: center;\"><strong>Retkipurjehdukselle<\/strong><\/h3>\n\n\n\n<h6 style=\"text-align: center;\">(sis\u00e4lt\u00e4\u00e4 1-3 y\u00f6pymist\u00e4)<\/h6>\n\n\n\n<h5 style=\"text-align: center;\"><strong>Lis\u00e4varusteita y\u00f6n yli retkelle<\/strong><\/h5>\n<h6>\u00a0<\/h6>\n\n\n\n<ul>\n<li>makuupussi<\/li>\n<li>henkil\u00f6kohtaiset hygieniatarvikkeet<\/li>\n<li>henkil\u00f6kohtaiset l\u00e4\u00e4kkeet<\/li>\n<li>pyyhe<\/li>\n<li>uima-asu<\/li>\n<li>otsalamppu\/taskulamppu<\/li>\n<li>korvatulpat<\/li>\n<\/ul>\n<\/div>\n<\/div>\n","protected":false},"excerpt":{"rendered":"<p>Teorialuennot \u00a0 muistiinpanov\u00e4lineet kurssikirja Purjehtijakurssi: Purjehtimaan \u2013 opas purjehtijakurssille (PORY) Saaristop\u00e4\u00e4llikk\u00f6kurssi:\u00a0Purjeveneen p\u00e4\u00e4llik\u00f6ksi \u2013 opas saaristo- ja rannikkop\u00e4\u00e4llikk\u00f6kursseille (PORY) halutessasi Suoritus- ja lokikirja (PORY) \u00a0 Purjehdukset \u00a0 K\u00e4yt\u00e4nn\u00f6n osuuden purjehduksille tarvitsee toteutustavasta ja s\u00e4\u00e4st\u00e4 riippuen erilaisia varusteita. Alta l\u00f6yd\u00e4t varustelistat ilta- ja p\u00e4iv\u00e4purjehdukselle sek\u00e4 retkipurjehdukselle.\u00a0 \u00a0 Ilta- tai p\u00e4iv\u00e4purjehdukselle (ei sis\u00e4ll\u00e4 &hellip;<\/p>\n","protected":false},"author":1,"featured_media":7364,"parent":231,"menu_order":0,"comment_status":"closed","ping_status":"closed","template":"","meta":{"footnotes":""},"_links":{"self":[{"href":"https:\/\/teekkaripurjehtijat.fi\/wordpress\/index.php?rest_route=\/wp\/v2\/pages\/6001"}],"collection":[{"href":"https:\/\/teekkaripurjehtijat.fi\/wordpress\/index.php?rest_route=\/wp\/v2\/pages"}],"about":[{"href":"https:\/\/teekkaripurjehtijat.fi\/wordpress\/index.php?rest_route=\/wp\/v2\/types\/page"}],"author":[{"embeddable":true,"href":"https:\/\/teekkaripurjehtijat.fi\/wordpress\/index.php?rest_route=\/wp\/v2\/users\/1"}],"replies":[{"embeddable":true,"href":"https:\/\/teekkaripurjehtijat.fi\/wordpress\/index.php?rest_route=%2Fwp%2Fv2%2Fcomments&post=6001"}],"version-history":[{"count":24,"href":"https:\/\/teekkaripurjehtijat.fi\/wordpress\/index.php?rest_route=\/wp\/v2\/pages\/6001\/revisions"}],"predecessor-version":[{"id":7393,"href":"https:\/\/teekkaripurjehtijat.fi\/wordpress\/index.php?rest_route=\/wp\/v2\/pages\/6001\/revisions\/7393"}],"up":[{"embeddable":true,"href":"https:\/\/teekkaripurjehtijat.fi\/wordpress\/index.php?rest_route=\/wp\/v2\/pages\/231"}],"wp:featuredmedia":[{"embeddable":true,"href":"https:\/\/teekkaripurjehtijat.fi\/wordpress\/index.php?rest_route=\/wp\/v2\/media\/7364"}],"wp:attachment":[{"href":"https:\/\/teekkaripurjehtijat.fi\/wordpress\/index.php?rest_route=%2Fwp%2Fv2%2Fmedia&parent=6001"}],"curies":[{"name":"wp","href":"https:\/\/api.w.org\/{rel}","templated":true}]}}