{"id":5635,"date":"2022-09-19T19:30:12","date_gmt":"2022-09-19T16:30:12","guid":{"rendered":"https:\/\/trip.ayy.fi\/wordpress\/?page_id=5635"},"modified":"2022-09-19T19:30:12","modified_gmt":"2022-09-19T16:30:12","slug":"open-photo-call-for-vuosijuhlat-2022","status":"publish","type":"page","link":"https:\/\/teekkaripurjehtijat.fi\/wordpress\/?page_id=5635","title":{"rendered":"Open Photo call for Vuosijuhlat 2022"},"content":{"rendered":"<p><i><span style=\"font-family: arial, sans-serif;\">(English below)<\/span><\/i><\/p>\n<p><strong><span style=\"font-family: arial, sans-serif;\">Ahoy sailor,<\/span><\/strong><\/p>\n<p><span style=\"font-family: arial, sans-serif;\">Oletko ollut innokas kuvaaja purjehdusreissuillasi? Haluatko n\u00e4ytt\u00e4\u00e4 parhaan purjehdusaiheisen kuvasi julkisesti? Haluamme n\u00e4hd\u00e4 rakkaimman purjehdusmuistosi, lempiasiasi saaristossa tai jotain mit\u00e4 arvostat eniten el\u00e4m\u00e4st\u00e4 merell\u00e4.\u00a0<\/span><\/p>\n<p><span style=\"font-family: arial, sans-serif;\">Kuvan ei tarvitse sis\u00e4lt\u00e4\u00e4 itse kerhon veneit\u00e4, kunhan se kanavoi omaa kokemustasi merikarhuna, saaristolaisel\u00e4m\u00e4\u00e4 tai yksinkertaisesti Teekkaripurjehtijien purjehduskulttuurin fiilistely\u00e4.<\/span><\/p>\n<p><span style=\"font-family: arial, sans-serif;\">Valokuvat n\u00e4ytet\u00e4\u00e4n diaesityksen\u00e4 <a href=\"https:\/\/teekkaripurjehtijat.fi\/wordpress\/?page_id=5548\">TRIPin Vuosijuhlassa 2022. <\/a>Kuvaan ei tarvitse lis\u00e4t\u00e4 vesileimaa \u2013 koko nimesi ja vuosi n\u00e4ytet\u00e4\u00e4n valokuvasi yhteydess\u00e4. Jos kuvassasi on muita ihmisi\u00e4, varmista, ett\u00e4 sinulla on lupa heilt\u00e4 jakaa kuva. Kuvia ei k\u00e4ytet\u00e4 muihin sosiaalisen median tai markkinointitarkoituksiin.<\/span><\/p>\n<p><span style=\"font-family: arial, sans-serif;\">L\u00e4het\u00e4 meille\u00a0<b>yksi\u00a0<\/b>kuva jaettuun Google Drive kansioon seuraavilla tiedoilla:<\/span><\/p>\n<ul>\n<li>Korkealaatuinen .jpg\/.jpeg -tiedosto<\/li>\n<li>Tiedostonimi: Etunimi_Sukunimi_Vuosi (esim. Maija_Meik\u00e4l\u00e4inen_2021)<\/li>\n<li>Latauskansio: <a style=\"font-family: arial, sans-serif;\" href=\"https:\/\/drive.google.com\/drive\/folders\/1bwnjzppQ6F6Go03JYrrewkPzoMwTzdg5?usp=sharing\" target=\"_blank\" rel=\"noopener noreferrer\" data-saferedirecturl=\"https:\/\/www.google.com\/url?q=https:\/\/drive.google.com\/drive\/folders\/1bwnjzppQ6F6Go03JYrrewkPzoMwTzdg5?usp%3Dsharing&amp;source=gmail&amp;ust=1663670192294000&amp;usg=AOvVaw0aaKajadPZpZfpo_W8AO4P\">https:\/\/drive.google.com\/<wbr><\/wbr>drive\/folders\/<wbr><\/wbr>1bwnjzppQ6F6Go03JYrrewkPzoMwTz<wbr><\/wbr>dg5?usp=sharing<\/a> (sinun t\u00e4ytyy olla kirjautuneena Teekkaripurjehtijat s\u00e4hk\u00f6postilla, jotta p\u00e4\u00e4set sis\u00e4\u00e4n)<\/li>\n<\/ul>\n<p><span style=\"font-family: arial, sans-serif;\">&#x1f4f8; Hakuaika p\u00e4\u00e4ttyy <strong>sunnuntaina 30. lokakuuta klo 23:00<\/strong>, joten varmista, ett\u00e4 kuvasi on ladattu kyseiseen p\u00e4iv\u00e4m\u00e4\u00e4r\u00e4\u00e4n menness\u00e4.<\/span><\/p>\n<p><span style=\"font-family: arial, sans-serif;\">Kiitos, odotamme innolla kuvianne!<\/span><\/p>\n<p><span style=\"font-family: arial, sans-serif;\">\u2014<\/span><\/p>\n<p><em><span style=\"font-family: arial, sans-serif;\">Ahoy sailor,<\/span><\/em><\/p>\n<p><em><span style=\"font-family: arial, sans-serif;\">Have you been an enthusiastic photographer during your sailing trips? Do you want to exhibit your best photo in a public setting? We want to see your dearest sailing memory, your favourite thing to do in the archipelago or the thing you cherish the most about life at sea.<\/span><\/em><\/p>\n<p><em><span style=\"font-family: arial, sans-serif;\">The image you choose does not have to include the boats themselves, as long as it channels your experience as a sailor, island life or simply vibing the sailing culture of Teekkaripurjehtijat.<\/span><\/em><\/p>\n<p><em><span style=\"font-family: arial, sans-serif;\">Photographs will be exhibited as a slide show during <a href=\"https:\/\/teekkaripurjehtijat.fi\/wordpress\/?page_id=5548\">TRIP\u2019s Annual Ball 2022. <\/a>No need to include a watermark in your image \u2013 your full name and year will be displayed with your photo. If your image includes other people, make sure you have their permission to share the image. Images will not be used for other social media or marketing purposes.<\/span><\/em><\/p>\n<p><em><span style=\"font-family: arial, sans-serif;\">Please send\u00a0<b>one<\/b>\u00a0image to the shared Google Drive folder with the following specifications:<\/span><\/em><\/p>\n<ul>\n<li>Large, high quality .jpg\/.jpeg file<\/li>\n<li><em>Filename: Firstname_Lastname_Year (for example Maija_Meik\u00e4l\u00e4inen_2021)<\/em><\/li>\n<li><em>Upload folder: <a style=\"font-family: arial, sans-serif;\" href=\"https:\/\/drive.google.com\/drive\/folders\/1bwnjzppQ6F6Go03JYrrewkPzoMwTzdg5?usp=sharing\" target=\"_blank\" rel=\"noopener noreferrer\" data-saferedirecturl=\"https:\/\/www.google.com\/url?q=https:\/\/drive.google.com\/drive\/folders\/1bwnjzppQ6F6Go03JYrrewkPzoMwTzdg5?usp%3Dsharing&amp;source=gmail&amp;ust=1663670192295000&amp;usg=AOvVaw00RBWqz8xSK4A_aq3qdK7N\">https:\/\/drive.google.com\/<wbr><\/wbr>drive\/folders\/<wbr><\/wbr>1bwnjzppQ6F6Go03JYrrewkPzoMwTz<wbr><\/wbr>dg5?usp=sharing<\/a> (you have to be logged in with your Teekkaripurjehtijat email address to access)<\/em><\/li>\n<\/ul>\n<p><span style=\"font-family: arial, sans-serif;\">&#x1f4f8;<\/span><em><span style=\"font-family: arial, sans-serif;\"> Submissions will close on <strong>Sunday 30th October at 23:00<\/strong>, so make sure to have your image uploaded by that date.<\/span><\/em><\/p>\n<p><em><span style=\"font-family: arial, sans-serif;\">Thank you, looking forward to seeing your photos!<\/span><\/em><\/p>\n","protected":false},"excerpt":{"rendered":"<p>(English below) Ahoy sailor, Oletko ollut innokas kuvaaja purjehdusreissuillasi? Haluatko n\u00e4ytt\u00e4\u00e4 parhaan purjehdusaiheisen kuvasi julkisesti? Haluamme n\u00e4hd\u00e4 rakkaimman purjehdusmuistosi, lempiasiasi saaristossa tai jotain mit\u00e4 arvostat eniten el\u00e4m\u00e4st\u00e4 merell\u00e4.\u00a0 Kuvan ei tarvitse sis\u00e4lt\u00e4\u00e4 itse kerhon veneit\u00e4, kunhan se kanavoi omaa kokemustasi merikarhuna, saaristolaisel\u00e4m\u00e4\u00e4 tai yksinkertaisesti Teekkaripurjehtijien purjehduskulttuurin fiilistely\u00e4. Valokuvat n\u00e4ytet\u00e4\u00e4n diaesityksen\u00e4 &hellip;<\/p>\n","protected":false},"author":1,"featured_media":0,"parent":0,"menu_order":0,"comment_status":"closed","ping_status":"closed","template":"","meta":{"footnotes":""},"_links":{"self":[{"href":"https:\/\/teekkaripurjehtijat.fi\/wordpress\/index.php?rest_route=\/wp\/v2\/pages\/5635"}],"collection":[{"href":"https:\/\/teekkaripurjehtijat.fi\/wordpress\/index.php?rest_route=\/wp\/v2\/pages"}],"about":[{"href":"https:\/\/teekkaripurjehtijat.fi\/wordpress\/index.php?rest_route=\/wp\/v2\/types\/page"}],"author":[{"embeddable":true,"href":"https:\/\/teekkaripurjehtijat.fi\/wordpress\/index.php?rest_route=\/wp\/v2\/users\/1"}],"replies":[{"embeddable":true,"href":"https:\/\/teekkaripurjehtijat.fi\/wordpress\/index.php?rest_route=%2Fwp%2Fv2%2Fcomments&post=5635"}],"version-history":[{"count":6,"href":"https:\/\/teekkaripurjehtijat.fi\/wordpress\/index.php?rest_route=\/wp\/v2\/pages\/5635\/revisions"}],"predecessor-version":[{"id":5641,"href":"https:\/\/teekkaripurjehtijat.fi\/wordpress\/index.php?rest_route=\/wp\/v2\/pages\/5635\/revisions\/5641"}],"wp:attachment":[{"href":"https:\/\/teekkaripurjehtijat.fi\/wordpress\/index.php?rest_route=%2Fwp%2Fv2%2Fmedia&parent=5635"}],"curies":[{"name":"wp","href":"https:\/\/api.w.org\/{rel}","templated":true}]}}