{"id":47,"date":"2012-03-19T18:22:11","date_gmt":"2012-03-19T16:22:11","guid":{"rendered":"http:\/\/trip.ayy.fi\/wordpress\/?page_id=47"},"modified":"2021-05-17T12:25:49","modified_gmt":"2021-05-17T09:25:49","slug":"evene-2","status":"publish","type":"page","link":"https:\/\/teekkaripurjehtijat.fi\/wordpress\/?page_id=47","title":{"rendered":"eVene"},"content":{"rendered":"<p><em>Ekologista, turvallista ja helppoa veneily\u00e4<\/em><\/p>\n<h2><strong>Aikajana:<\/strong><\/h2>\n<p><strong>25.9.2012<\/strong> &#8211; eVeneest\u00e4 juttu S\u00e4hk\u00f6maailma-lehden syyskuun numerossa<\/p>\n<p><strong>16.9.2012<\/strong> <strong>&#8211;<\/strong> eVene-projektista on kuvattu jakso Navigare-tv-ohjelmaan, ensiesitys oli JIM-kanavalla su 16.9. Jakso on katsottavissa Nelosen nettitelevisiossa oheisen linkin takaa, mukavia katseluhetki\u00e4! <a title=\"Teekkarien eVene-jakso\" href=\"http:\/\/www.ruutu.fi\/ohjelmat\/navigare\/2012-09-22\" target=\"_blank\" rel=\"noopener noreferrer\">Navigare.tv- Teekkarien eVene<\/a><\/p>\n<p><strong>28.8.2012<\/strong> <strong>&#8211;<\/strong> eVeneen kastajaiset sujuivat onnistuneesti ja k\u00f6ydenvetokin p\u00e4\u00e4ttyi s\u00e4hk\u00f6n selv\u00e4\u00e4n voittoon. Kiitos kaikille osallistujille ja j\u00e4rjest\u00e4jille! Tapahtuman tunnelmaa voi viel\u00e4 haistella 28.8. MTV3:n kymppiuutisten kevennyksest\u00e4, joka l\u00f6ytyy <a title=\"eVene-kevennys\" href=\"http:\/\/www.katsomo.fi\/?progId=138210\">t\u00e4\u00e4lt\u00e4<\/a> (Hae kymppiuutiset ti 28.8., kevennys alkaa kohdasta 17:14). Kuvia l\u00f6ytyy kerhon <a title=\"TRIP @ Facebook\" href=\"https:\/\/www.facebook.com\/groups\/5215414759\/\">facebook-sivulta!<\/a><\/p>\n<p><strong>9.7.2012 &#8211;<\/strong> eVene saatiin vihdoin l\u00e4hes valmiiksi ja testimieless\u00e4 osallistuttiin heti Hangon regattaan, jossa taakse j\u00e4i ainakin kerhon toinen FE83 TripTease. Kisaradan ulkopuolella kilpailtiin my\u00f6s moottoreiden v\u00e4lill\u00e4; alla video s\u00e4hk\u00f6 vs. diesel -k\u00f6ydenvetokisasta.<\/p>\n<p><iframe loading=\"lazy\" src=\"\/\/www.youtube.com\/embed\/qbgehS9XmzU\" width=\"560\" height=\"315\" frameborder=\"0\" allowfullscreen=\"allowfullscreen\"><\/iframe><\/p>\n<p><a href=\"https:\/\/teekkaripurjehtijat.fi\/wordpress\/wp-content\/uploads\/2012\/03\/ABB_logoclaim.gif\"><img decoding=\"async\" loading=\"lazy\" class=\"alignleft wp-image-619\" title=\"ABB_logoclaim\" src=\"https:\/\/teekkaripurjehtijat.fi\/wordpress\/wp-content\/uploads\/2012\/03\/ABB_logoclaim.gif\" alt=\"\" width=\"377\" height=\"48\" srcset=\"https:\/\/teekkaripurjehtijat.fi\/wordpress\/wp-content\/uploads\/2012\/03\/ABB_logoclaim.gif 538w, https:\/\/teekkaripurjehtijat.fi\/wordpress\/wp-content\/uploads\/2012\/03\/ABB_logoclaim-300x38.gif 300w\" sizes=\"(max-width: 377px) 100vw, 377px\" \/><\/a><\/p>\n<p>&nbsp;<\/p>\n<h2><strong>Mik\u00e4 eVene?<\/strong><\/h2>\n<h3><strong>Veneily ja ymp\u00e4rist\u00f6<\/strong><\/h3>\n<p><em><a href=\"https:\/\/teekkaripurjehtijat.fi\/wordpress\/wp-content\/uploads\/2012\/07\/Eskaaderi-267.jpg\"><img decoding=\"async\" loading=\"lazy\" class=\" wp-image-533 alignright\" title=\"Eskaaderi 267\" src=\"https:\/\/teekkaripurjehtijat.fi\/wordpress\/wp-content\/uploads\/2012\/07\/Eskaaderi-267-300x200.jpg\" alt=\"\" width=\"300\" height=\"200\" srcset=\"https:\/\/teekkaripurjehtijat.fi\/wordpress\/wp-content\/uploads\/2012\/07\/Eskaaderi-267-300x200.jpg 300w, https:\/\/teekkaripurjehtijat.fi\/wordpress\/wp-content\/uploads\/2012\/07\/Eskaaderi-267-1024x682.jpg 1024w\" sizes=\"(max-width: 300px) 100vw, 300px\" \/><\/a><\/em><\/p>\n<ul>\n<li>Enemm\u00e4n veneit\u00e4 pienemm\u00e4ll\u00e4 alueella<\/li>\n<li>Veneiden koko kasvanut<\/li>\n<li>Veneilij\u00e4t vaativampia<\/li>\n<\/ul>\n<h3><strong>Miksi?<\/strong><\/h3>\n<ul>\n<li>Yhteisk\u00e4ytt\u00f6<\/li>\n<li>Aloittavia kokemattomia veneilij\u00f6it\u00e4<\/li>\n<li>Arvovalinta<\/li>\n<li>Halu olla edell\u00e4k\u00e4vij\u00e4<\/li>\n<li>Ennakkoluulottomuus uutta tekniikka kohtaan<\/li>\n<li>Taloudelliset tukijat<\/li>\n<\/ul>\n<h3><strong>Tavoitteet<\/strong><\/h3>\n<ul>\n<li>Tekniikkaa ymp\u00e4rist\u00f6n ja k\u00e4ytt\u00e4jien ehdoilla<\/li>\n<li>N\u00e4ytt\u00e4\u00e4 tiet\u00e4 ekologiselle veneilylle<\/li>\n<li>Muokata asenteita<\/li>\n<li>Muistuttaa veneilij\u00f6it\u00e4 It\u00e4meren suojelun t\u00e4rk\u00e4ydest\u00e4<\/li>\n<li>Tuoda j\u00e4senten k\u00e4ytt\u00f6\u00f6n paras mahdollinen k\u00e4ytt\u00f6vene<\/li>\n<li>Kokeilla uutta tekniikkaa<\/li>\n<li>Murtaa ennakkoluuloja<\/li>\n<\/ul>\n<h3><strong>eVeneen tekniikka<\/strong><\/h3>\n<p>&nbsp;<\/p>\n<p><a href=\"https:\/\/teekkaripurjehtijat.fi\/wordpress\/wp-content\/uploads\/2012\/03\/eVene_tekniikka1.jpg\"><img decoding=\"async\" loading=\"lazy\" class=\"alignleft size-full wp-image-620\" title=\"eVene_tekniikka\" src=\"https:\/\/teekkaripurjehtijat.fi\/wordpress\/wp-content\/uploads\/2012\/03\/eVene_tekniikka1.jpg\" alt=\"\" width=\"867\" height=\"539\" srcset=\"https:\/\/teekkaripurjehtijat.fi\/wordpress\/wp-content\/uploads\/2012\/03\/eVene_tekniikka1.jpg 867w, https:\/\/teekkaripurjehtijat.fi\/wordpress\/wp-content\/uploads\/2012\/03\/eVene_tekniikka1-300x186.jpg 300w\" sizes=\"(max-width: 867px) 100vw, 867px\" \/><\/a><\/p>\n<p>&nbsp;<\/p>\n<p><a href=\"https:\/\/teekkaripurjehtijat.fi\/wordpress\/wp-content\/uploads\/2012\/03\/eVene_tekniikka2.gif\"><img decoding=\"async\" loading=\"lazy\" class=\"alignleft size-full wp-image-621\" title=\"eVene_tekniikka2\" src=\"https:\/\/teekkaripurjehtijat.fi\/wordpress\/wp-content\/uploads\/2012\/03\/eVene_tekniikka2.gif\" alt=\"\" width=\"960\" height=\"720\" srcset=\"https:\/\/teekkaripurjehtijat.fi\/wordpress\/wp-content\/uploads\/2012\/03\/eVene_tekniikka2.gif 960w, https:\/\/teekkaripurjehtijat.fi\/wordpress\/wp-content\/uploads\/2012\/03\/eVene_tekniikka2-300x225.gif 300w\" sizes=\"(max-width: 960px) 100vw, 960px\" \/><\/a><\/p>\n<p>&nbsp;<\/p>\n<p><em>Klikkaa kuvia suurentaaksesi<\/em><\/p>\n<p><strong>Ei eli\u00f6nestomaaleja<\/strong><\/p>\n<ul>\n<li>Sonihull<\/li>\n<li>Ei jokavuotista ty\u00f6t\u00e4<\/li>\n<li>Ei jokavuotisia kustannuksia<\/li>\n<li>Liukkaampi pohja<\/li>\n<\/ul>\n<ul>\n<li>Ei harmaavesi\u00e4 mereen<\/li>\n<li>Harmaavesitankki helppo sijoittaa veneeseen<\/li>\n<li>Tyhjent\u00e4minen helppoa<\/li>\n<li>Yksi l\u00e4pivienti v\u00e4hemm\u00e4n vesilinjan alapuolella<\/li>\n<\/ul>\n<p><strong>V\u00e4h\u00e4n virtaa kuluttavat mukavuusvarusteet<\/strong><\/p>\n<ul>\n<li>Led valot<\/li>\n<li>Toimintavarmoja, pitk\u00e4ik\u00e4isi\u00e4<\/li>\n<li>Vesij\u00e4\u00e4hdytteinen j\u00e4\u00e4kaappi<\/li>\n<li>Ei l\u00e4mmit\u00e4 venett\u00e4<\/li>\n<li>Diesel liesi ja l\u00e4mmitin<\/li>\n<li>Turvallisia ja helppok\u00e4ytt\u00f6isi\u00e4<\/li>\n<li>Navigointielektroniikka<\/li>\n<li>Ei isoa karttaplotteria, pakko opetella navigoimaan<\/li>\n<\/ul>\n<h3><strong>S\u00e4hk\u00f6propulsioj\u00e4rjestelm\u00e4<\/strong><\/h3>\n<p><a href=\"https:\/\/teekkaripurjehtijat.fi\/wordpress\/wp-content\/uploads\/2012\/03\/eVene_moottori.jpg\"><img decoding=\"async\" loading=\"lazy\" class=\"alignleft size-full wp-image-617\" title=\"eVene_moottori\" src=\"https:\/\/teekkaripurjehtijat.fi\/wordpress\/wp-content\/uploads\/2012\/03\/eVene_moottori.jpg\" alt=\"\" width=\"880\" height=\"541\" srcset=\"https:\/\/teekkaripurjehtijat.fi\/wordpress\/wp-content\/uploads\/2012\/03\/eVene_moottori.jpg 880w, https:\/\/teekkaripurjehtijat.fi\/wordpress\/wp-content\/uploads\/2012\/03\/eVene_moottori-300x184.jpg 300w\" sizes=\"(max-width: 880px) 100vw, 880px\" \/><\/a><\/p>\n<p>&nbsp;<\/p>\n<p>&nbsp;<\/p>\n<h3><strong>Turvallisuus<\/strong><\/h3>\n<ul>\n<li>Turvallisuudesta ei voi tinki\u00e4 yhteisk\u00e4ytt\u00f6veneess\u00e4<\/li>\n<li>S\u00e4hk\u00f6moottori<\/li>\n<li>S\u00e4hk\u00f6j\u00e4rjestelm\u00e4<\/li>\n<li>Diesel liesi ja l\u00e4mmitin<\/li>\n<li>Maas\u00e4hk\u00f6j\u00e4rjestelm\u00e4<\/li>\n<li>Pelastusliivit<\/li>\n<li>VHF DSC<\/li>\n<\/ul>\n<h3><strong>Talous<\/strong><\/h3>\n<ul>\n<li>Uudet ratkaisut aina kalliita<\/li>\n<li>S\u00e4hk\u00f6moottori ja akusto noin kolmekertaa kalliimpi kuin perinteinen dieselmoottori<\/li>\n<li>Oletetut k\u00e4ytt\u00f6kustannukset huomattavasti alemmat<\/li>\n<li>Tukijoiden avulla mahdollinen \u2192 moni yksityishenkil\u00f6 hylk\u00e4\u00e4 muutoksen taloudellisista syist\u00e4 johtuen<\/li>\n<li>Todellinen hinta n\u00e4hd\u00e4\u00e4n kymmenen vuoden kuluttua<\/li>\n<\/ul>\n<h3><strong>Hankkeen p\u00e4\u00e4tukija:<\/strong><\/h3>\n<p>&nbsp;<\/p>\n<p><a href=\"https:\/\/teekkaripurjehtijat.fi\/wordpress\/wp-content\/uploads\/2012\/03\/ABB_logoclaim1.gif\"><img decoding=\"async\" loading=\"lazy\" class=\"alignleft size-full wp-image-622\" title=\"ABB_logoclaim\" src=\"https:\/\/teekkaripurjehtijat.fi\/wordpress\/wp-content\/uploads\/2012\/03\/ABB_logoclaim1.gif\" alt=\"\" width=\"538\" height=\"69\" srcset=\"https:\/\/teekkaripurjehtijat.fi\/wordpress\/wp-content\/uploads\/2012\/03\/ABB_logoclaim1.gif 538w, https:\/\/teekkaripurjehtijat.fi\/wordpress\/wp-content\/uploads\/2012\/03\/ABB_logoclaim1-300x38.gif 300w\" sizes=\"(max-width: 538px) 100vw, 538px\" \/><\/a><\/p>\n<p>&nbsp;<\/p>\n<p>&nbsp;<\/p>\n<h3><\/h3>\n<h3><\/h3>\n<h3><strong>Muita tukijoita:<\/strong><\/h3>\n<h3><img decoding=\"async\" src=\"eVene\/kaha.gif\" alt=\"\" width=\"200\" \/><img decoding=\"async\" src=\"eVene\/wallas.gif\" alt=\"\" width=\"200\" \/><\/h3>\n<p><img decoding=\"async\" src=\"eVene\/voltmen.gif\" alt=\"\" width=\"200\" \/><img decoding=\"async\" src=\"eVene\/flinkenberg.gif\" alt=\"\" width=\"200\" \/><\/p>\n<p><img decoding=\"async\" src=\"eVene\/furuno.gif\" alt=\"\" width=\"200\" \/><\/p>\n<p>WB-sails<\/p>\n<p><a href=\"http:\/\/www.merikartat.fi\"><img decoding=\"async\" loading=\"lazy\" class=\"alignnone wp-image-477\" title=\"JNMARINE_RGB_150MM\" src=\"https:\/\/teekkaripurjehtijat.fi\/wordpress\/wp-content\/uploads\/2012\/03\/JNMARINE_RGB_150MM.jpg\" alt=\"John Nurminen Marine\" width=\"267\" height=\"35\" srcset=\"https:\/\/teekkaripurjehtijat.fi\/wordpress\/wp-content\/uploads\/2012\/03\/JNMARINE_RGB_150MM.jpg 532w, https:\/\/teekkaripurjehtijat.fi\/wordpress\/wp-content\/uploads\/2012\/03\/JNMARINE_RGB_150MM-300x39.jpg 300w\" sizes=\"(max-width: 267px) 100vw, 267px\" \/><\/a><\/p>\n<p>TTER<br \/>\nTEK<\/p>\n<p>Presto Paloturvallisuus Oy<\/p>\n<p>&nbsp;<\/p>\n<p>&nbsp;<\/p>\n","protected":false},"excerpt":{"rendered":"<p>Ekologista, turvallista ja helppoa veneily\u00e4 Aikajana: 25.9.2012 &#8211; eVeneest\u00e4 juttu S\u00e4hk\u00f6maailma-lehden syyskuun numerossa 16.9.2012 &#8211; eVene-projektista on kuvattu jakso Navigare-tv-ohjelmaan, ensiesitys oli JIM-kanavalla su 16.9. Jakso on katsottavissa Nelosen nettitelevisiossa oheisen linkin takaa, mukavia katseluhetki\u00e4! Navigare.tv- Teekkarien eVene 28.8.2012 &#8211; eVeneen kastajaiset sujuivat onnistuneesti ja k\u00f6ydenvetokin p\u00e4\u00e4ttyi s\u00e4hk\u00f6n selv\u00e4\u00e4n voittoon. &hellip;<\/p>\n","protected":false},"author":1,"featured_media":533,"parent":150,"menu_order":0,"comment_status":"closed","ping_status":"closed","template":"","meta":{"footnotes":""},"_links":{"self":[{"href":"https:\/\/teekkaripurjehtijat.fi\/wordpress\/index.php?rest_route=\/wp\/v2\/pages\/47"}],"collection":[{"href":"https:\/\/teekkaripurjehtijat.fi\/wordpress\/index.php?rest_route=\/wp\/v2\/pages"}],"about":[{"href":"https:\/\/teekkaripurjehtijat.fi\/wordpress\/index.php?rest_route=\/wp\/v2\/types\/page"}],"author":[{"embeddable":true,"href":"https:\/\/teekkaripurjehtijat.fi\/wordpress\/index.php?rest_route=\/wp\/v2\/users\/1"}],"replies":[{"embeddable":true,"href":"https:\/\/teekkaripurjehtijat.fi\/wordpress\/index.php?rest_route=%2Fwp%2Fv2%2Fcomments&post=47"}],"version-history":[{"count":43,"href":"https:\/\/teekkaripurjehtijat.fi\/wordpress\/index.php?rest_route=\/wp\/v2\/pages\/47\/revisions"}],"predecessor-version":[{"id":1606,"href":"https:\/\/teekkaripurjehtijat.fi\/wordpress\/index.php?rest_route=\/wp\/v2\/pages\/47\/revisions\/1606"}],"up":[{"embeddable":true,"href":"https:\/\/teekkaripurjehtijat.fi\/wordpress\/index.php?rest_route=\/wp\/v2\/pages\/150"}],"wp:featuredmedia":[{"embeddable":true,"href":"https:\/\/teekkaripurjehtijat.fi\/wordpress\/index.php?rest_route=\/wp\/v2\/media\/533"}],"wp:attachment":[{"href":"https:\/\/teekkaripurjehtijat.fi\/wordpress\/index.php?rest_route=%2Fwp%2Fv2%2Fmedia&parent=47"}],"curies":[{"name":"wp","href":"https:\/\/api.w.org\/{rel}","templated":true}]}}