{"id":233,"date":"2012-03-25T16:41:47","date_gmt":"2012-03-25T14:41:47","guid":{"rendered":"http:\/\/trip.ayy.fi\/wordpress\/?page_id=233"},"modified":"2023-11-15T19:10:25","modified_gmt":"2023-11-15T17:10:25","slug":"kilpailut","status":"publish","type":"page","link":"https:\/\/teekkaripurjehtijat.fi\/wordpress\/?page_id=233","title":{"rendered":"Kilpailut"},"content":{"rendered":"<p><a href=\"https:\/\/teekkaripurjehtijat.fi\/wordpress\/wp-content\/uploads\/2012\/03\/ElecTrip-Hangon-regatassa-7.7.2012.jpg\"><img decoding=\"async\" loading=\"lazy\" class=\"alignleft size-full wp-image-2246\" src=\"https:\/\/teekkaripurjehtijat.fi\/wordpress\/wp-content\/uploads\/2012\/03\/ElecTrip-Hangon-regatassa-7.7.2012.jpg\" alt=\"ElecTrip Hangon regatassa 7.7.2012\" width=\"950\" height=\"712\" srcset=\"https:\/\/teekkaripurjehtijat.fi\/wordpress\/wp-content\/uploads\/2012\/03\/ElecTrip-Hangon-regatassa-7.7.2012.jpg 950w, https:\/\/teekkaripurjehtijat.fi\/wordpress\/wp-content\/uploads\/2012\/03\/ElecTrip-Hangon-regatassa-7.7.2012-300x225.jpg 300w\" sizes=\"(max-width: 950px) 100vw, 950px\" \/><\/a><\/p>\n<p>Teekkaripurjehtijoiden kilpailutoimintaan kuuluvat viikoittaiset harrastelijakilpailut Helsingin edustalla, FE83 -yksityyppikisat ja avomerikisat. Mukaan l\u00e4htevilt\u00e4 edellytet\u00e4\u00e4n\u00a0perusman\u00f6\u00f6vereitten hallintaa, kuten vendat ja jiipit. Kilpapurjehduskokemusta ei ennest\u00e4\u00e4n tarvitse olla. <a href=\"https:\/\/teekkaripurjehtijat.fi\/wordpress\/wp-content\/uploads\/2012\/05\/Spinnupurjehduksen-perusteet.pdf\">Spinnupurjehduksen perusteet<\/a>\u00a0olisi kuitenkin hyv\u00e4 kerrata.<\/p>\n<p>Mukaan kisapurjehdukselle p\u00e4\u00e4set ilmoittautumulla <a title=\"S\u00e4hk\u00f6postilistat\" href=\"https:\/\/teekkaripurjehtijat.fi\/wordpress\/?page_id=184\">TRIP-jas s\u00e4hk\u00f6postilistalle<\/a> tulevaan purjehduskutsuun. Mukaan valitaan aina nopeiten ilmoittautuneet. Ilmoittautumiset ker\u00e4\u00e4 kilpailuvastaava tai kilpailuun osallistuva kippari.<\/p>\n<p><strong>Viikkokilpailut<\/strong><\/p>\n<p>Osallistutaan keskiviikkoisin West House Cup:n ja tiistaisin purjehdittaviin KoPun tiistaikisoihin. Kilpailuihin osallistutaan mik\u00e4li veneet ovat muusta k\u00e4yt\u00f6st\u00e4 vapaana ja sopiva miehist\u00f6 l\u00f6ytyy.<\/p>\n<p><strong>FE83-ranking kilpailut<\/strong><\/p>\n<p>FE83 yksityyppikilpailuissa kilpaillaan\u00a0samantyyppisi\u00e4 veneit\u00e4 vastaan. Rankingsarja k\u00e4sitt\u00e4\u00e4 viisi kilpailua. Yksityyppikisoissa ei k\u00e4ytet\u00e4 venetyyppien eroja tasoittavia lukuja.<\/p>\n<p><strong>Avomerikilpailut<\/strong><\/p>\n<p>Vuosittain osallistutaan avomerikilpailuihin, kuten Volvo Espoo-Suursaari Race ja\u00a0Helsinki-Tallinna\u00a0Race.<\/p>\n<p><strong>Kisatunnelmia Pinkeen mallisella veneell\u00e4<\/strong><\/p>\n<p><iframe loading=\"lazy\" title=\"Sailing in Nassau\" width=\"1089\" height=\"613\" src=\"https:\/\/www.youtube.com\/embed\/IGN-EmD_45k?feature=oembed\" frameborder=\"0\" allow=\"accelerometer; autoplay; clipboard-write; encrypted-media; gyroscope; picture-in-picture; web-share\" allowfullscreen><\/iframe><\/p>\n<p>Videolla on\u00a0kevytvenekilpailu Nassaun edustalla Bahamasaarilla. Kisoille ominaiset styyra-paara tilanteet eli v\u00e4ist\u00e4miss\u00e4\u00e4nn\u00f6t, vendat, jiipit, my\u00f6t\u00e4tuuliosuudet, peiton saaminen ja\u00a0tilan vaatiminen\u00a0poijua kiert\u00e4ess\u00e4 tulevat kaikki esille videossa.<\/p>\n<p><strong>Tilanteet\u00a0selitettyn\u00e4 (kisas\u00e4\u00e4nn\u00f6t ISAF 2013-2016)<\/strong><\/p>\n<p>0-1min Prestartti &#8211; Ajanlaskua starttiin. Haetaan hyv\u00e4\u00e4 asemaa linjalta. Kiihdytys l\u00e4ht\u00f6linjalle ajoissa.<\/p>\n<p>1min Samalla halssilla ylempi vene v\u00e4ist\u00e4misvelvollinen.<\/p>\n<p>1:16 Venda &#8211; painonsiirto\u00a0kallistuksen ollessa nolla.<\/p>\n<p>2min L\u00e4skit laidalle. Seurataan vastustajia jos pit\u00e4is v\u00e4ist\u00e4\u00e4. Vastustajien pit\u00e4\u00e4 ajaa tiukkaa luovia eli mahdollisimman yl\u00f6s ja pidett\u00e4v\u00e4 kurssinsa.<\/p>\n<p>2:45 Venda styyran veneiden eteen. K\u00e4\u00e4nn\u00f6s valmistuttava\u00a0ennenkuin toisilla mahdollisuus ajaa p\u00e4\u00e4lle.<\/p>\n<p>3:05 &#8220;STARBOARD&#8221;\u00a0&#8211; eli tuuli meill\u00e4 styyralta\/oikealta &#8211; toisen pit\u00e4is v\u00e4ist\u00e4\u00e4 ja v\u00e4ist\u00e4\u00e4kin per\u00e4n puolelta. Suomessa huudetaan STYYRAA.<\/p>\n<p>3:30 Pinkeess\u00e4 ei keulapurjeen spiirapuomia olekaan. Videon veneen heloitus muutenkin paremmassa kunnossa.<\/p>\n<p>4:15 Jiippimerkin kierto.<\/p>\n<p>4:42 Peitto &#8211; eli oman veneen keula on ohi edemm\u00e4n veneen\u00a0per\u00e4n tasan. Sinulla on peitto edemp\u00e4\u00e4n\u00a0my\u00f6s kun\u00a0muulla veneell\u00e4 on peitto teihin molempiin. Peitto saavutettu ennen merkkivy\u00f6hykett\u00e4 (3 veneenmittaa).<\/p>\n<p>4:52 Alemman veneen ei tarttis viel antaa tilaa, koska ollaan vy\u00f6hykkeen ulkopuolella. Voi sit\u00e4 aina vaatia. Vastustajilta menee usein pasmat sekasin.<\/p>\n<p>5:00 About vasta nyt merkkivy\u00f6hykkeell\u00e4 eli Pinkeell\u00e4 15m ympyr\u00e4. FE:ll\u00e4 25m.<\/p>\n<p>5:20 Alamerkin kierto &#8211; Ei saa osua merkkiin. Purjeet kire\u00e4lle ja\u00a0nousu luoviin ja paino laidalle. Poijusta\u00a0ulompien\u00a0annettava tilaa\u00a0merkinkiertoon KUN peitto on voimassa\u00a0ennen merkkivy\u00f6hykett\u00e4 ja vaikka peitto katkeaisi vy\u00f6hykkeen sis\u00e4ll\u00e4.<\/p>\n<p>5:42 Styyraa.<\/p>\n<p>6:10 Mainintoja oman miehist\u00f6n l\u00e4skitt\u00f6myydest\u00e4 ja naapureitten persvaosta.<\/p>\n<p>6:43 Valmiina vendaan &#8211; styyralta tulee vene<\/p>\n<p>6:48 P\u00e4\u00e4stiin yli &#8211; aina ei k\u00e4\u00e4nnyt\u00e4.<\/p>\n<p>7:20 Valmiina\u00a0vendaan &#8211; 3,2,1 &#8211; k\u00e4\u00e4ntyy.<\/p>\n<p>7:50 Spiirapuomin k\u00e4ytt\u00f6\u00e4 &#8211; FEneill\u00e4 spinnun nosto &#8211; Genoan lasku.<\/p>\n<p>8:45 Onkelmia.<\/p>\n<p>9:20 Spiirapuomi jumittaa falliin.<\/p>\n<p>10:02 Maaliintulon \u00e4\u00e4nimerkki.<\/p>\n","protected":false},"excerpt":{"rendered":"<p>Teekkaripurjehtijoiden kilpailutoimintaan kuuluvat viikoittaiset harrastelijakilpailut Helsingin edustalla, FE83 -yksityyppikisat ja avomerikisat. Mukaan l\u00e4htevilt\u00e4 edellytet\u00e4\u00e4n\u00a0perusman\u00f6\u00f6vereitten hallintaa, kuten vendat ja jiipit. Kilpapurjehduskokemusta ei ennest\u00e4\u00e4n tarvitse olla. Spinnupurjehduksen perusteet\u00a0olisi kuitenkin hyv\u00e4 kerrata. Mukaan kisapurjehdukselle p\u00e4\u00e4set ilmoittautumulla TRIP-jas s\u00e4hk\u00f6postilistalle tulevaan purjehduskutsuun. Mukaan valitaan aina nopeiten ilmoittautuneet. Ilmoittautumiset ker\u00e4\u00e4 kilpailuvastaava tai kilpailuun osallistuva kippari. Viikkokilpailut &hellip;<\/p>\n","protected":false},"author":1,"featured_media":7364,"parent":36,"menu_order":0,"comment_status":"closed","ping_status":"closed","template":"","meta":{"footnotes":""},"_links":{"self":[{"href":"https:\/\/teekkaripurjehtijat.fi\/wordpress\/index.php?rest_route=\/wp\/v2\/pages\/233"}],"collection":[{"href":"https:\/\/teekkaripurjehtijat.fi\/wordpress\/index.php?rest_route=\/wp\/v2\/pages"}],"about":[{"href":"https:\/\/teekkaripurjehtijat.fi\/wordpress\/index.php?rest_route=\/wp\/v2\/types\/page"}],"author":[{"embeddable":true,"href":"https:\/\/teekkaripurjehtijat.fi\/wordpress\/index.php?rest_route=\/wp\/v2\/users\/1"}],"replies":[{"embeddable":true,"href":"https:\/\/teekkaripurjehtijat.fi\/wordpress\/index.php?rest_route=%2Fwp%2Fv2%2Fcomments&post=233"}],"version-history":[{"count":13,"href":"https:\/\/teekkaripurjehtijat.fi\/wordpress\/index.php?rest_route=\/wp\/v2\/pages\/233\/revisions"}],"predecessor-version":[{"id":2247,"href":"https:\/\/teekkaripurjehtijat.fi\/wordpress\/index.php?rest_route=\/wp\/v2\/pages\/233\/revisions\/2247"}],"up":[{"embeddable":true,"href":"https:\/\/teekkaripurjehtijat.fi\/wordpress\/index.php?rest_route=\/wp\/v2\/pages\/36"}],"wp:featuredmedia":[{"embeddable":true,"href":"https:\/\/teekkaripurjehtijat.fi\/wordpress\/index.php?rest_route=\/wp\/v2\/media\/7364"}],"wp:attachment":[{"href":"https:\/\/teekkaripurjehtijat.fi\/wordpress\/index.php?rest_route=%2Fwp%2Fv2%2Fmedia&parent=233"}],"curies":[{"name":"wp","href":"https:\/\/api.w.org\/{rel}","templated":true}]}}