{"id":1629,"date":"2014-04-15T00:43:39","date_gmt":"2014-04-14T22:43:39","guid":{"rendered":"http:\/\/trip.ayy.fi\/wordpress\/?page_id=1629"},"modified":"2023-01-16T16:09:47","modified_gmt":"2023-01-16T14:09:47","slug":"kirjasto","status":"publish","type":"page","link":"https:\/\/teekkaripurjehtijat.fi\/wordpress\/?page_id=1629","title":{"rendered":"Kirjasto"},"content":{"rendered":"<p>Tripin monipuolinen purjehdusaiheinen kirjasto tarjoaa luettavaa sateisemmille hetkille. Kirjoja lainataan j\u00e4senist\u00f6lle ilmaiseksi ja niit\u00e4 voi kysell\u00e4 s\u00e4hk\u00f6postilla hallituslistalta: trip@list.ayy.fi<\/p>\n<p><strong>Veneilytaito &#8211; Dedekam Design<\/strong><br \/>\n-kuvitettu havainnollisesti ja selke\u00e4sti\u00a0v\u00e4rein<br \/>\n-k\u00f6ysien hallinta, solmut<br \/>\n-veneen ohjailu, kiinnitys<br \/>\n-ankkurointi<br \/>\n-kokeneille kertausta<\/p>\n<p><strong>Purjeiden ja rikin s\u00e4\u00e4t\u00f6 &#8211; Dedekam Design<\/strong><br \/>\n-kuvitettu havainnollisesti ja selke\u00e4sti\u00a0v\u00e4rein<br \/>\n-jokaisen purkkarin perusvaruste, erityisesti rikauksen aikana<br \/>\n-aloittelijalle kuvitettu ja selke\u00e4 sanasto ja trimmaamisen teoria<br \/>\n-hyv\u00e4 purjehtijakurssilaisille<br \/>\n-kokeneillekin riitt\u00e4\u00e4 pureskeltavaa<br \/>\n-sis\u00e4ist\u00e4minen vaatii aikaa ja kokemusta<\/p>\n<p><strong>Guide to Offshore Personal Safety &#8211; ISAF<\/strong><br \/>\n-soveltuu kippareille<br \/>\n-enempi avomerelle ja extreme tilanteisiin kuin sis\u00e4vesille<br \/>\n-k\u00e4sittelee onnettomuustilanteita ja selviytymisvarusteita<br \/>\n-havainnollisesti kuvitettu<br \/>\n-hyv\u00e4\u00e4 iltalukemista<\/p>\n<p><strong>Suomalainen purjehdus sanasto &#8211; Texthouse<\/strong><br \/>\n-v\u00e4hemm\u00e4n kuiva sanakirja<br \/>\n-slangisanasto selitettyn\u00e4<br \/>\n-purjehdussuomi &#8211; ruotsi &#8211; englanti &#8211; vanha merimiessuomi<\/p>\n<p><strong>Veneenkuljettaja &#8211; SPV<\/strong><br \/>\n-perustietoutta kaikille vesill\u00e4liikkujille<br \/>\n-navigointiosa p\u00e4\u00e4llekk\u00e4inen saaristonavigoinnille<br \/>\n-pyk\u00e4l\u00e4m\u00e4isesti kirjoitettu, heikosti\u00a0kuvitettu<\/p>\n<p><strong>Venep\u00e4\u00e4llikk\u00f6 &#8211; SPV<\/strong><br \/>\n-p\u00e4\u00e4llik\u00f6n perustietoutta<br \/>\n-lakitietoa, tullitietoa, schengen<br \/>\n-vuorovesilaskut ja navigaatio p\u00e4\u00e4llekk\u00e4isi\u00e4 rannikkonavigoinnille<br \/>\n-pintaraapaisu moottoreiden huoltoon<br \/>\n-pyk\u00e4l\u00e4m\u00e4isesti kirjoitettu, heikosti\u00a0kuvitettu<\/p>\n<p><strong>Pienen kipparin k\u00e4sikirja<br \/>\n<\/strong>-selke\u00e4 purjehduksen perusteiden koko kirjon k\u00e4sitt\u00e4v\u00e4 teos<br \/>\n-tehty lapsille ja lapsenmielisille<\/p>\n<p>Lis\u00e4ksi Tripilt\u00e4 l\u00f6ytyy laaja valikoima satamakirjoja ja ajantasaiset karttasarjat. Luettelo\u00a0http:\/\/trip.ayy.fi\/wiki\/index.php?title=Merikarttalista<\/p>\n<h2><strong>Lis\u00e4ksi itselle lunastamalla saatavilla:<\/strong><\/h2>\n<p>Meri ja s\u00e4\u00e4tieto<\/p>\n","protected":false},"excerpt":{"rendered":"<p>Tripin monipuolinen purjehdusaiheinen kirjasto tarjoaa luettavaa sateisemmille hetkille.<\/p>\n","protected":false},"author":1,"featured_media":1404,"parent":34,"menu_order":6,"comment_status":"closed","ping_status":"closed","template":"","meta":{"footnotes":""},"_links":{"self":[{"href":"https:\/\/teekkaripurjehtijat.fi\/wordpress\/index.php?rest_route=\/wp\/v2\/pages\/1629"}],"collection":[{"href":"https:\/\/teekkaripurjehtijat.fi\/wordpress\/index.php?rest_route=\/wp\/v2\/pages"}],"about":[{"href":"https:\/\/teekkaripurjehtijat.fi\/wordpress\/index.php?rest_route=\/wp\/v2\/types\/page"}],"author":[{"embeddable":true,"href":"https:\/\/teekkaripurjehtijat.fi\/wordpress\/index.php?rest_route=\/wp\/v2\/users\/1"}],"replies":[{"embeddable":true,"href":"https:\/\/teekkaripurjehtijat.fi\/wordpress\/index.php?rest_route=%2Fwp%2Fv2%2Fcomments&post=1629"}],"version-history":[{"count":10,"href":"https:\/\/teekkaripurjehtijat.fi\/wordpress\/index.php?rest_route=\/wp\/v2\/pages\/1629\/revisions"}],"predecessor-version":[{"id":6042,"href":"https:\/\/teekkaripurjehtijat.fi\/wordpress\/index.php?rest_route=\/wp\/v2\/pages\/1629\/revisions\/6042"}],"up":[{"embeddable":true,"href":"https:\/\/teekkaripurjehtijat.fi\/wordpress\/index.php?rest_route=\/wp\/v2\/pages\/34"}],"wp:featuredmedia":[{"embeddable":true,"href":"https:\/\/teekkaripurjehtijat.fi\/wordpress\/index.php?rest_route=\/wp\/v2\/media\/1404"}],"wp:attachment":[{"href":"https:\/\/teekkaripurjehtijat.fi\/wordpress\/index.php?rest_route=%2Fwp%2Fv2%2Fmedia&parent=1629"}],"curies":[{"name":"wp","href":"https:\/\/api.w.org\/{rel}","templated":true}]}}