{"id":146,"date":"2012-03-25T13:45:45","date_gmt":"2012-03-25T11:45:45","guid":{"rendered":"http:\/\/trip.ayy.fi\/wordpress\/?page_id=146"},"modified":"2022-09-04T12:16:46","modified_gmt":"2022-09-04T09:16:46","slug":"veneet-ja-satamat","status":"publish","type":"page","link":"https:\/\/teekkaripurjehtijat.fi\/wordpress\/?page_id=146","title":{"rendered":"Veneet ja satamat"},"content":{"rendered":"<h3><strong>Matkaveneet Ruoholahdessa Tammasaarenranta 7<br \/><\/strong><\/h3>\n\n<a title=\"s\/y GinTrip\" href=\"https:\/\/teekkaripurjehtijat.fi\/wordpress\/?page_id=2382\">s\/y GinTrip (Delphia 28)<\/a><br \/><a title=\"s\/y ElecTrip\" href=\"https:\/\/teekkaripurjehtijat.fi\/wordpress\/?page_id=150\">s\/y ElecTrip (Finn Express 83)<\/a><br \/><a title=\"s\/y Triptonic\" href=\"https:\/\/teekkaripurjehtijat.fi\/wordpress\/?page_id=3576\">s\/y FirsTrip (First 31.7)<\/a>\n\n<h3><strong>Kevytveneet Laajalahdella purjehdukseen Otakaari 9<br \/><\/strong><\/h3>\n\n<a title=\"Pinkee\" href=\"https:\/\/teekkaripurjehtijat.fi\/wordpress\/?page_id=155\">Pinkee (Vikla \/ Snipe)<\/a><br \/><a title=\"Flipper Scow\" href=\"https:\/\/teekkaripurjehtijat.fi\/wordpress\/?page_id=157\">Vinkee (Flipper Scow<\/a>)<br \/>Soutujolla TRIP OV<br \/><strong>J\u00e4\u00e4pursi <\/strong><a title=\"J\u00e4\u00e4pursi Tripe\u00e4\" href=\"https:\/\/teekkaripurjehtijat.fi\/wordpress\/?page_id=159\">Tripe\u00e4<\/a>\n\n<h2><strong>Satamat ja kartat satamiin<\/strong><\/h2>\n\nPurjehduskaudella matkaveneet ovat\u00a0<a title=\"Ruoholahti\" href=\"https:\/\/teekkaripurjehtijat.fi\/wordpress\/?page_id=161\">Ruoholahden satamassa<\/a> venepaikoilla 47 (s\/y Electrip), 63 (s\/y Gintrip) ja 64 (s\/y FirsTrip).\n\nKevytveneet Pinkee, Vinkee ja jolla\u00a0majailevat Otaniemen venekerholla eli OV:ll\u00e4. OV\u00a0on my\u00f6s matkaveneiden talvis\u00e4ilytysalue. Avaimia voi tiedustella <a title=\"Kipparit ja avaimet\" href=\"https:\/\/teekkaripurjehtijat.fi\/wordpress\/?page_id=40\">avaintenhaltijoilta<\/a>\u00a0tai kevytvenevastaajilta.\u00a0<a title=\"Otaniemen Venekerho\" href=\"https:\/\/teekkaripurjehtijat.fi\/wordpress\/?page_id=163\">Kartta Otaniemen venekerholle.<\/a>\n\n<h2><strong>Matkaveneitten vertailu<\/strong><\/h2>\n\n<table style=\"height: 1330px;\" width=\"575\">\n<tbody>\n<tr>\n<td>Vene<\/td>\n<td>s\/y GinTrip<\/td>\n<td>s\/y ElecTrip<\/td>\n<td>s\/y FirsTrip<\/td>\n<\/tr>\n<tr>\n<td>Malli<\/td>\n<td>Delphia 28<\/td>\n<td>Finn Express 83<\/td>\n<td>First 31.7<\/td>\n<\/tr>\n<tr>\n<td>Suunnittelija<\/td>\n<td>Andrzej Skrzat<\/td>\n<td>Eivind Still Yacht Design<\/td>\n<td>Finot Conq et Associ\u00e9s<\/td>\n<\/tr>\n<tr>\n<td>Valmistaja<\/td>\n<td>Delphia Yachts, Poland<\/td>\n<td>Oy Nykra Ab, Uusikarlepyy<\/td>\n<td>Beneteau SA, France<\/td>\n<\/tr>\n<tr>\n<td>Valmistusvuosi<\/td>\n<td>2008<\/td>\n<td>1982<\/td>\n<td>2007<\/td>\n<\/tr>\n<tr>\n<td>Hankittu kerholle<\/td>\n<td>2015<\/td>\n<td>2011<\/td>\n<td>2019<\/td>\n<\/tr>\n<tr>\n<td>Runkopituus LOA<\/td>\n<td>8.83 m<\/td>\n<td>8.3 m<\/td>\n<td>9.5 m<\/td>\n<\/tr>\n<tr>\n<td>Vesilinjan pituus LWL<\/td>\n<td>\u00a0<\/td>\n<td>6.9 m<\/td>\n<td>8.8 m<\/td>\n<\/tr>\n<tr>\n<td>Leveys B<\/td>\n<td>2.95 m<\/td>\n<td>2.8 m<\/td>\n<td>3.23 m<\/td>\n<\/tr>\n<tr>\n<td>K\u00f6li<\/td>\n<td>Valurauta ev\u00e4 840 kg<\/td>\n<td>Valurauta ev\u00e4 880 kg<\/td>\n<td>Valurauta bulb xxx kg<\/td>\n<\/tr>\n<tr>\n<td>Syv\u00e4ys<\/td>\n<td>1.83 m<\/td>\n<td>1.4 m<\/td>\n<td>1.9 m<\/td>\n<\/tr>\n<tr>\n<td>Uppouma<\/td>\n<td>3600 kg<\/td>\n<td>2600 kg<\/td>\n<td>4915 kg<\/td>\n<\/tr>\n<tr>\n<td>Esitepaino<\/td>\n<td>3200 kg<\/td>\n<td>2150 kg<\/td>\n<td>3750 kg<\/td>\n<\/tr>\n<tr>\n<td>LYS-mittaluku<\/td>\n<td>\u00a0<\/td>\n<td>1.08<\/td>\n<td>&#8211;<\/td>\n<\/tr>\n<tr>\n<td>Takila<\/td>\n<td>9\/10 bermuda sluuppi<\/td>\n<td>7\/8 bermuda\u00a0sluuppi<\/td>\n<td>9\/10 bermuda sluuppi<\/td>\n<\/tr>\n<tr>\n<td>Alituskorkeus<\/td>\n<td>~13 m<\/td>\n<td>~12 m<\/td>\n<td>~14.5 m<\/td>\n<\/tr>\n<tr>\n<td>Moottori<\/td>\n<td>Volvo Penta D1-13F &#8211; 12hp<\/td>\n<td>S\u00e4hk\u00f6 8.6 kW<\/td>\n<td><a href=\"https:\/\/www.yanmarmarine.com\/theme\/yanmarportal\/uploadedFiles\/Marine\/productDownloads\/Pleasure-operation-manual\/032017_update_OM\/YM\/OM_YM_0AYMM-EN0025.pdf\">Yanmar 3YM20C<\/a><\/td>\n<\/tr>\n<tr>\n<td>Polttoainetankki<\/td>\n<td>Diesel 25 l<\/td>\n<td>Akusto 10.7 kWh &#8211; 97.3 kg<\/td>\n<td>Diesel 57 l<\/td>\n<\/tr>\n<tr>\n<td>Kulutus<\/td>\n<td>\u00a0<\/td>\n<td>1 kWh @ 4 kn<br \/>2 kWh @ 5 kn<\/td>\n<td>1.5 l\/h @ 2200 rpm \/ x.x kn<br \/>3.2 l\/h @ 3000 rpm \/ x.x kn<\/td>\n<\/tr>\n<tr>\n<td>Kantama<\/td>\n<td>\u00a0<\/td>\n<td>40 M @ 4 kn<\/td>\n<td>X M @ X kn<\/td>\n<\/tr>\n<tr>\n<td>Makeavesitankit<\/td>\n<td>80 l + 20 l<\/td>\n<td>50 l +\u00a010 l<\/td>\n<td>1x 170 l + varakanisteri<\/td>\n<\/tr>\n<tr>\n<td>Purjenumero<\/td>\n<td>\u00a0<\/td>\n<td>FIN 2621<\/td>\n<td>FIN-12033<\/td>\n<\/tr>\n<tr>\n<td>Rekisterinumero<\/td>\n<td>U 51283<\/td>\n<td>M 28423<\/td>\n<td>U-317<\/td>\n<\/tr>\n<tr>\n<td>\u00a0<\/td>\n<td>\u00a0<\/td>\n<td>\u00a0<\/td>\n<td>\u00a0<\/td>\n<\/tr>\n<tr>\n<td>Radiotunnus<\/td>\n<td>\u00a0<\/td>\n<td>OH 2275<\/td>\n<td>OH 8382<\/td>\n<\/tr>\n<tr>\n<td>Meriradionumero<\/td>\n<td>\u00a0<\/td>\n<td>230045710<\/td>\n<td>2300457XX<\/td>\n<\/tr>\n<tr>\n<td>Isopurje<\/td>\n<td>23.2 m<sup>2<\/sup><\/td>\n<td>17 m<sup>2<\/sup><\/td>\n<td>24.4 m<sup>2<\/sup><\/td>\n<\/tr>\n<tr>\n<td>Keulapurjeet<\/td>\n<td>Rulla F1<\/td>\n<td>Irto G1, G3 ja F3<\/td>\n<td>Rulla G1, irto G3<\/td>\n<\/tr>\n<tr>\n<td>My\u00f6t\u00e4tuulipurje<\/td>\n<td>Genaakkeri<\/td>\n<td>Spinaakkeri<\/td>\n<td>Spinaakkeri<\/td>\n<\/tr>\n<tr>\n<td>L\u00e4mmitin<\/td>\n<td>Webasto diesel<\/td>\n<td>Wallas diesel<\/td>\n<td>Webasto\u00a0diesel<\/td>\n<\/tr>\n<tr>\n<td>Liesi<\/td>\n<td>Kaasu<\/td>\n<td>Wallas diesel<\/td>\n<td>Kaasu (+uuni)<\/td>\n<\/tr>\n<tr>\n<td>WC<\/td>\n<td>Erillinen<\/td>\n<td>Keulahytiss\u00e4<\/td>\n<td>Erillinen<\/td>\n<\/tr>\n<tr>\n<td>Makuupaikkoja<\/td>\n<td>5<\/td>\n<td>5<\/td>\n<td>6<\/td>\n<\/tr>\n<tr>\n<td>Purjehduspaikkoja<\/td>\n<td>8<\/td>\n<td>5<\/td>\n<td>6<\/td>\n<\/tr>\n<tr>\n<td>Rekister\u00f6ity<\/td>\n<td>8<\/td>\n<td>6<\/td>\n<td>8<\/td>\n<\/tr>\n<tr>\n<td>VHF (AIS-rx ja GPS-rx)<\/td>\n<td>\u00a0<\/td>\n<td>Furuno RO4800<\/td>\n<td>Navicom RT-650<\/td>\n<\/tr>\n<tr>\n<td>Mittaristo<\/td>\n<td>Kompassi, loki, kaiku<\/td>\n<td>Kompassi, Furuno: Tuuli, loki, kaiku, gps<\/td>\n<td>Kompassi, tuuli, loki, kaiku<\/td>\n<\/tr>\n<tr>\n<td>Autopilotti<\/td>\n<td>&#8211;<\/td>\n<td>&#8211;<\/td>\n<td>&#8211;<\/td>\n<\/tr>\n<tr>\n<td>Karttaplotteri<\/td>\n<td>&#8211;<\/td>\n<td>&#8211;<\/td>\n<td>Raymarine a78<\/td>\n<\/tr>\n<\/tbody>\n<\/table>\n\n\n\n","protected":false},"excerpt":{"rendered":"<p>Matkaveneet Ruoholahdessa Tammasaarenranta 7 s\/y GinTrip (Delphia 28)s\/y ElecTrip (Finn Express 83)s\/y FirsTrip (First 31.7) Kevytveneet Laajalahdella purjehdukseen Otakaari 9 Pinkee (Vikla \/ Snipe)Vinkee (Flipper Scow)Soutujolla TRIP OVJ\u00e4\u00e4pursi Tripe\u00e4 Satamat ja kartat satamiin Purjehduskaudella matkaveneet ovat\u00a0Ruoholahden satamassa venepaikoilla 47 (s\/y Electrip), 63 (s\/y Gintrip) ja 64 (s\/y FirsTrip). Kevytveneet Pinkee, &hellip;<\/p>\n","protected":false},"author":1,"featured_media":1407,"parent":34,"menu_order":0,"comment_status":"closed","ping_status":"closed","template":"","meta":{"footnotes":""},"_links":{"self":[{"href":"https:\/\/teekkaripurjehtijat.fi\/wordpress\/index.php?rest_route=\/wp\/v2\/pages\/146"}],"collection":[{"href":"https:\/\/teekkaripurjehtijat.fi\/wordpress\/index.php?rest_route=\/wp\/v2\/pages"}],"about":[{"href":"https:\/\/teekkaripurjehtijat.fi\/wordpress\/index.php?rest_route=\/wp\/v2\/types\/page"}],"author":[{"embeddable":true,"href":"https:\/\/teekkaripurjehtijat.fi\/wordpress\/index.php?rest_route=\/wp\/v2\/users\/1"}],"replies":[{"embeddable":true,"href":"https:\/\/teekkaripurjehtijat.fi\/wordpress\/index.php?rest_route=%2Fwp%2Fv2%2Fcomments&post=146"}],"version-history":[{"count":56,"href":"https:\/\/teekkaripurjehtijat.fi\/wordpress\/index.php?rest_route=\/wp\/v2\/pages\/146\/revisions"}],"predecessor-version":[{"id":5528,"href":"https:\/\/teekkaripurjehtijat.fi\/wordpress\/index.php?rest_route=\/wp\/v2\/pages\/146\/revisions\/5528"}],"up":[{"embeddable":true,"href":"https:\/\/teekkaripurjehtijat.fi\/wordpress\/index.php?rest_route=\/wp\/v2\/pages\/34"}],"wp:featuredmedia":[{"embeddable":true,"href":"https:\/\/teekkaripurjehtijat.fi\/wordpress\/index.php?rest_route=\/wp\/v2\/media\/1407"}],"wp:attachment":[{"href":"https:\/\/teekkaripurjehtijat.fi\/wordpress\/index.php?rest_route=%2Fwp%2Fv2%2Fmedia&parent=146"}],"curies":[{"name":"wp","href":"https:\/\/api.w.org\/{rel}","templated":true}]}}